{"id":3403,"date":"2022-01-17T18:16:59","date_gmt":"2022-01-17T17:16:59","guid":{"rendered":"https:\/\/restaurant-la-plume.fr\/?page_id=3403"},"modified":"2025-10-22T16:14:25","modified_gmt":"2025-10-22T14:14:25","slug":"nos-specialites-indiennes","status":"publish","type":"page","link":"https:\/\/restaurant-la-plume.fr\/?page_id=3403","title":{"rendered":"Nos sp\u00e9cialit\u00e9s indiennes"},"content":{"rendered":"<p>[vc_row full_height=\u00a0\u00bbyes\u00a0\u00bb parallax_background_image=\u00a0\u00bb3409&Prime; parallax_bg_speed=\u00a0\u00bb0&Prime;][vc_column][vc_row_inner row_content_width=\u00a0\u00bbgrid\u00a0\u00bb][vc_column_inner css=\u00a0\u00bb.vc_custom_1533285714962{padding-right: 0px !important;padding-left: 0px !important;}\u00a0\u00bb offset=\u00a0\u00bbvc_col-lg-6 vc_col-md-8&Prime;]<div class=\"mkdf-elements-holder   mkdf-one-column  mkdf-responsive-mode-768 \" ><div class=\"mkdf-eh-item    \" style=\"background-color: rgba(255,255,255,0.9)\" data-item-class=\"mkdf-eh-custom-4268\">\n\t<div class=\"mkdf-eh-item-inner\">\n\t\t<div class=\"mkdf-eh-item-content mkdf-eh-custom-4268\" style=\"padding: 18% 12% 0\">\n\t\t\t<div class=\"mkdf-section-title-holder  mkdf-st-standard mkdf-st-title-left mkdf-st-normal-space \" >\n\t<div class=\"mkdf-st-inner\">\n\t\t\t\t\t<h2 class=\"mkdf-st-title\" >\n\t\t\t\tLes<br \/> entr\u00e9es\t\t\t<\/h2>\n\t\t    <span class=\"mkdf-st-line\" style=\"height: 0px\"><\/span>\n    <div class=\"mkdf-st-text\" >\n            <\/div>\n\t<\/div>\n<\/div>[vc_empty_space height=\u00a0\u00bb30px\u00a0\u00bb]<div class=\"mkdf-section-title-holder  mkdf-st-standard mkdf-st-title-left mkdf-st-normal-space \" >\n\t<div class=\"mkdf-st-inner\">\n\t\t\t\t\t<h5 class=\"mkdf-st-title\" >\n\t\t\t\tPains indiens\t\t\t<\/h5>\n\t\t    <span class=\"mkdf-st-line\" style=\"margin: 10px 0 0 0; height: 20px\"><\/span>\n    <div class=\"mkdf-st-text\" >\n            <\/div>\n\t<\/div>\n<\/div>[vc_column_text]<\/p>\n<ul>\n<li><span class=\"\">Naan \u00e0 la persillade : 4,5 \u20ac<\/span><\/li>\n<li><span class=\"\">Naan au fromage : 5,5 \u20ac<\/span><\/li>\n<\/ul>\n<p>[\/vc_column_text][vc_empty_space height=\u00a0\u00bb50px\u00a0\u00bb]<div class=\"mkdf-section-title-holder  mkdf-st-standard mkdf-st-title-left mkdf-st-normal-space \" >\n\t<div class=\"mkdf-st-inner\">\n\t\t\t\t\t<h5 class=\"mkdf-st-title\" >\n\t\t\t\tSamoussa maison (la pi\u00e8ce)\t\t\t<\/h5>\n\t\t    <span class=\"mkdf-st-line\" style=\"margin: 10px 0 0 0; height: 20px\"><\/span>\n    <div class=\"mkdf-st-text\" >\n            <\/div>\n\t<\/div>\n<\/div>[vc_column_text]<\/p>\n<div class=\"\">\n<ul>\n<li><span class=\"\">Samoussa v\u00e9g\u00e9tarien : 6,5 \u20ac<\/span><\/li>\n<li><span class=\"\">Samoussa au poulet : 6,5 \u20ac<\/span><\/li>\n<li>Samoussa au boeuf : 6,5 \u20ac<\/li>\n<\/ul>\n<\/div>\n<p>[\/vc_column_text][vc_empty_space height=\u00a0\u00bb50px\u00a0\u00bb]<div class=\"mkdf-section-title-holder  mkdf-st-standard mkdf-st-title-left mkdf-st-normal-space \" >\n\t<div class=\"mkdf-st-inner\">\n\t\t\t\t\t<h5 class=\"mkdf-st-title\" >\n\t\t\t\tBeignets\t\t\t<\/h5>\n\t\t    <span class=\"mkdf-st-line\" style=\"margin: 10px 0 0 0; height: 20px\"><\/span>\n    <div class=\"mkdf-st-text\" >\n            <\/div>\n\t<\/div>\n<\/div>[vc_column_text]<\/p>\n<div class=\"\">\n<div class=\"\">\n<div class=\"\">\n<p><span class=\"\"><i class=\"\">Farine de pois chiche, \u00e9pices, sel, poivre.<\/i><\/span><\/p>\n<ul>\n<li>Beignets brocolis (8 pi\u00e8ces) : 10 \u20ac<\/li>\n<li>Beignets aubergine (8 pi\u00e8ces) : 10 \u20ac<\/li>\n<li>Beignets de paneer (fromage indien) (8 pi\u00e8ces) : 10 \u20ac<\/li>\n<li><span class=\"\">Beignets au poulet (6 pi\u00e8ces) : 10 \u20ac<\/span><\/li>\n<li><span class=\"\">Beignets aux crevettes (8 pi\u00e8ces) : 12 \u20ac<\/span><\/li>\n<li>Assortiment de beignets : 14 \u20ac<\/li>\n<\/ul>\n<\/div>\n<\/div>\n<\/div>\n<p>[\/vc_column_text][vc_empty_space height=\u00a0\u00bb50px\u00a0\u00bb]<div class=\"mkdf-section-title-holder  mkdf-st-standard mkdf-st-title-left mkdf-st-normal-space \" >\n\t<div class=\"mkdf-st-inner\">\n\t\t\t\t\t<h5 class=\"mkdf-st-title\" >\n\t\t\t\tAccompagnements\t\t\t<\/h5>\n\t\t    <span class=\"mkdf-st-line\" style=\"margin: 10px 0 0 0; height: 20px\"><\/span>\n    <div class=\"mkdf-st-text\" >\n            <\/div>\n\t<\/div>\n<\/div>[vc_column_text]<\/p>\n<div class=\"\">\n<div class=\"\">\n<ul>\n<li><span class=\"\">Papadum (chips indienne) : 1,5 \u20ac<\/span><\/li>\n<li><span class=\"\">Riz basmati : 4 \u20ac<\/span><\/li>\n<li><span class=\"\">Riz safran\u00e9 : 5 \u20ac<\/span><\/li>\n<li><span class=\"\">Ra\u00efta : 7,5 \u20ac<br \/>\n<\/span><em><span class=\"\">(tomates, concombre, oignons, yaourt \u00e0 la coriandre, cumin)<\/span><\/em><\/li>\n<\/ul>\n<\/div>\n<\/div>\n<p>[\/vc_column_text][vc_empty_space height=\u00a0\u00bb50px\u00a0\u00bb]<div class=\"mkdf-section-title-holder  mkdf-st-standard mkdf-st-title-left mkdf-st-normal-space \" >\n\t<div class=\"mkdf-st-inner\">\n\t\t\t\t\t<h5 class=\"mkdf-st-title\" >\n\t\t\t\tSalades\t\t\t<\/h5>\n\t\t    <span class=\"mkdf-st-line\" style=\"margin: 10px 0 0 0; height: 20px\"><\/span>\n    <div class=\"mkdf-st-text\" >\n            <\/div>\n\t<\/div>\n<\/div>[vc_column_text]<\/p>\n<div class=\"\">\n<div class=\"\">\n<ul>\n<li><span class=\"\">Salade verte : 6 \u20ac<\/span><\/li>\n<li><span class=\"\">Salade de crudit\u00e9s : 12 \u20ac<\/span><\/li>\n<li><span class=\"\">Salade indienne : 17 \u20ac<br \/>\n<\/span><em><span class=\"\">(salade, crudit\u00e9s, poulet marin\u00e9 au Tikka)<\/span><\/em><\/li>\n<li><span class=\"\">Salade maison : 18 \u20ac<br \/>\n<\/span><em><span class=\"\">(salade, crudit\u00e9s, crevettes grill\u00e9es, gingembre, oignons, ail, persillade)<\/span><\/em><\/li>\n<\/ul>\n<\/div>\n<\/div>\n<p>[\/vc_column_text][vc_empty_space height=\u00a0\u00bb70px\u00a0\u00bb]<div class=\"mkdf-section-title-holder  mkdf-st-standard mkdf-st-title-left mkdf-st-normal-space \" >\n\t<div class=\"mkdf-st-inner\">\n\t\t\t\t\t<h2 class=\"mkdf-st-title\" >\n\t\t\t\tLes<br \/> grillades indiennes\t\t\t<\/h2>\n\t\t    <span class=\"mkdf-st-line\" style=\"height: 0px\"><\/span>\n    <div class=\"mkdf-st-text\" >\n            <\/div>\n\t<\/div>\n<\/div>[vc_column_text]<\/p>\n<div class=\"\"><strong><i>Toutes nos grillades sont d\u00e9licatement \u00e9pic\u00e9es mais ne sont pas piquantes. Il est possible de les relever sur demande.<\/i><\/strong><\/div>\n<p>[\/vc_column_text][vc_empty_space height=\u00a0\u00bb30px\u00a0\u00bb]<div class=\"mkdf-section-title-holder  mkdf-st-standard mkdf-st-title-left mkdf-st-normal-space \" >\n\t<div class=\"mkdf-st-inner\">\n\t\t\t\t\t<h5 class=\"mkdf-st-title\" >\n\t\t\t\tAssiette indienne Tikka\t\t\t<\/h5>\n\t\t    <span class=\"mkdf-st-line\" style=\"margin: 10px 0 0 0; height: 20px\"><\/span>\n    <div class=\"mkdf-st-text\" >\n            <\/div>\n\t<\/div>\n<\/div>[vc_column_text]<\/p>\n<div class=\"\">\n<div class=\"\">\n<div class=\"\"><i class=\"\">Viande marin\u00e9e dans du yaourt d\u00e9licatement \u00e9pic\u00e9 au gingembre, ail, \u00e9pices douces indiennes et grill\u00e9e au four. <\/i><i class=\"\">Accompagn\u00e9e de riz safran\u00e9, naan au fromage, salade et crudit\u00e9s.<\/i><\/div>\n<\/div>\n<\/div>\n<ul>\n<li><span class=\"\">Poulet assiette Tikka : 18 \u20ac<\/span><\/li>\n<li><span class=\"\">Agneau assiette Tikka : 20 \u20ac<\/span><\/li>\n<li><span class=\"\">Canard assiette Tikka : 22 \u20ac<\/span><\/li>\n<li><span class=\"\">Crevettes assiette Tikka : 24 \u20ac<\/span><\/li>\n<\/ul>\n<p>[\/vc_column_text][vc_empty_space height=\u00a0\u00bb50px\u00a0\u00bb]<div class=\"mkdf-section-title-holder  mkdf-st-standard mkdf-st-title-left mkdf-st-normal-space \" >\n\t<div class=\"mkdf-st-inner\">\n\t\t\t\t\t<h5 class=\"mkdf-st-title\" >\n\t\t\t\tTandoori du Pendjab\t\t\t<\/h5>\n\t\t    <span class=\"mkdf-st-line\" style=\"margin: 10px 0 0 0; height: 20px\"><\/span>\n    <div class=\"mkdf-st-text\" >\n            <\/div>\n\t<\/div>\n<\/div>[vc_column_text]<\/p>\n<div class=\"\">\n<div class=\"\">\n<div class=\"\"><i class=\"\">Viande marin\u00e9e dans du yaourt au gingembre, ail, \u00e9pices douces indiennes, herbes indiennes, piment doux et servie sur plaque chaude. <\/i><i class=\"\">Accompagn\u00e9e de riz safran\u00e9.<\/i><\/div>\n<\/div>\n<\/div>\n<ul>\n<li><span class=\"\">Poulet Tandoori : 19 \u20ac<\/span><\/li>\n<li><span class=\"\">Agneau Tandoori : 22 \u20ac<\/span><\/li>\n<li><span class=\"\">Canard Tandoori : 24 \u20ac<\/span><\/li>\n<li><span class=\"\">Crevettes Tandoori : 26 \u20ac<\/span><\/li>\n<\/ul>\n<p>[\/vc_column_text][vc_empty_space height=\u00a0\u00bb70px\u00a0\u00bb]<div class=\"mkdf-section-title-holder  mkdf-st-standard mkdf-st-title-left mkdf-st-normal-space \" >\n\t<div class=\"mkdf-st-inner\">\n\t\t\t\t\t<h2 class=\"mkdf-st-title\" >\n\t\t\t\tLes<br \/> plats en sauce\t\t\t<\/h2>\n\t\t    <span class=\"mkdf-st-line\" style=\"height: 0px\"><\/span>\n    <div class=\"mkdf-st-text\" >\n            <\/div>\n\t<\/div>\n<\/div>[vc_column_text]<\/p>\n<div class=\"\"><strong><i>Tous nos plats en sauce sont d\u00e9licatement \u00e9pic\u00e9s mais ne sont pas piquants. Il est possible de les relever sur demande.<br \/>\n<\/i><\/strong><strong><i>Ils sont accompagn\u00e9s de riz basmati.<\/i><\/strong><\/div>\n<p>[\/vc_column_text][vc_empty_space height=\u00a0\u00bb30px\u00a0\u00bb]<div class=\"mkdf-section-title-holder  mkdf-st-standard mkdf-st-title-left mkdf-st-normal-space \" >\n\t<div class=\"mkdf-st-inner\">\n\t\t\t\t\t<h5 class=\"mkdf-st-title\" >\n\t\t\t\tTikka Massala de Dehli\t\t\t<\/h5>\n\t\t    <span class=\"mkdf-st-line\" style=\"margin: 10px 0 0 0; height: 20px\"><\/span>\n    <div class=\"mkdf-st-text\" >\n            <\/div>\n\t<\/div>\n<\/div>[vc_column_text]<\/p>\n<div class=\"\"><span class=\"\"><i class=\"\">Marinade au<\/i><i class=\"\"> yaourt, tomates, oignons, gingembre, ail, \u00e9pices douces indiennes.<\/i><\/span><\/div>\n<ul>\n<li><span class=\"\">L\u00e9gumes<\/span><span class=\"\"> Tikka Massala<\/span><span class=\"\"> : 16 \u20ac<br \/>\n<em>(l\u00e9gumes selon saison \/ arrivage)<\/em><\/span><\/li>\n<li><span class=\"\">Poulet<\/span><span class=\"\"> Tikka Massala\u00a0<\/span><span class=\"\">: 19 \u20ac<\/span><\/li>\n<li><span class=\"\">Agneau<\/span><span class=\"\"> Tikka Massala\u00a0<\/span><span class=\"\">: 23 \u20ac<\/span><\/li>\n<li><span class=\"\">Crevettes<\/span><span class=\"\"> Tikka Massala\u00a0<\/span><span class=\"\">: 25 \u20ac<\/span><\/li>\n<\/ul>\n<p>[\/vc_column_text][vc_empty_space height=\u00a0\u00bb50px\u00a0\u00bb]<div class=\"mkdf-section-title-holder  mkdf-st-standard mkdf-st-title-left mkdf-st-normal-space \" >\n\t<div class=\"mkdf-st-inner\">\n\t\t\t\t\t<h5 class=\"mkdf-st-title\" >\n\t\t\t\tCurry Korma du Cachemire\t\t\t<\/h5>\n\t\t    <span class=\"mkdf-st-line\" style=\"margin: 10px 0 0 0; height: 20px\"><\/span>\n    <div class=\"mkdf-st-text\" >\n            <\/div>\n\t<\/div>\n<\/div>[vc_column_text]<\/p>\n<div class=\"\">\n<div class=\"\"><i class=\"\">Lait de coco, yaourt, cr\u00e8me, amandes, noix de cajou, \u00e9pices douces indiennes<\/i><\/div>\n<\/div>\n<ul>\n<li><span class=\"\">L\u00e9gumes<\/span><span class=\"\">\u00a0<\/span><span class=\"\">Curry Korma: 16 \u20ac<br \/>\n<em>(l\u00e9gumes selon saison \/ arrivage)<\/em><\/span><\/li>\n<li><span class=\"\">Poulet<\/span><span class=\"\">\u00a0Curry Korma :\u00a0<\/span><span class=\"\">19 \u20ac<\/span><\/li>\n<li><span class=\"\">Agneau<\/span><span class=\"\">\u00a0<\/span><span class=\"\">Curry Korma<\/span><span class=\"\">\u00a0<\/span><span class=\"\">: 23 \u20ac<\/span><\/li>\n<li><span class=\"\">Crevettes<\/span><span class=\"\">\u00a0Curry Korma\u00a0<\/span><span class=\"\">: 25 \u20ac<\/span><\/li>\n<\/ul>\n<p>[\/vc_column_text][vc_empty_space height=\u00a0\u00bb50px\u00a0\u00bb]<div class=\"mkdf-section-title-holder  mkdf-st-standard mkdf-st-title-left mkdf-st-normal-space \" >\n\t<div class=\"mkdf-st-inner\">\n\t\t\t\t\t<h5 class=\"mkdf-st-title\" >\n\t\t\t\tBiryani du Rajasthan\t\t\t<\/h5>\n\t\t    <span class=\"mkdf-st-line\" style=\"margin: 10px 0 0 0; height: 20px\"><\/span>\n    <div class=\"mkdf-st-text\" >\n            <\/div>\n\t<\/div>\n<\/div>[vc_column_text]<\/p>\n<div class=\"\">\n<div class=\"\">\n<div class=\"\"><span class=\"\"><i class=\"\">Pa\u00eblla indienne saut\u00e9e aux \u00e9pices et fruits secs<\/i><\/span><span class=\"\"><i class=\"\">.<\/i><\/span><\/div>\n<\/div>\n<\/div>\n<ul>\n<li><span class=\"\">L\u00e9gumes Biryani : 16 \u20ac<br \/>\n<em>(l\u00e9gumes selon saison \/ arrivage)<\/em><\/span><\/li>\n<li><span class=\"\">Poulet<\/span><span class=\"\">\u00a0Biryani :<\/span><span class=\"\"> 19 \u20ac<\/span><\/li>\n<li><span class=\"\">Agneau<\/span><span class=\"\">\u00a0Biryani :<\/span><span class=\"\"> 23 \u20ac<\/span><\/li>\n<li><span class=\"\">Crevettes<\/span><span class=\"\">\u00a0Biryani :<\/span><span class=\"\"> 25 \u20ac<\/span><\/li>\n<\/ul>\n<p>[\/vc_column_text][vc_empty_space height=\u00a0\u00bb120px\u00a0\u00bb]\t\t<\/div>\n\t<\/div>\n<\/div><\/div>[\/vc_column_inner][vc_column_inner width=\u00a0\u00bb1\/2&Prime; offset=\u00a0\u00bbvc_col-lg-6 vc_hidden-sm vc_hidden-xs\u00a0\u00bb][\/vc_column_inner][\/vc_row_inner][\/vc_column][\/vc_row]<\/p>\n","protected":false},"excerpt":{"rendered":"<p>[vc_row full_height=\u00a0\u00bbyes\u00a0\u00bb parallax_background_image=\u00a0\u00bb3409&Prime; parallax_bg_speed=\u00a0\u00bb0&Prime;][vc_column][vc_row_inner row_content_width=\u00a0\u00bbgrid\u00a0\u00bb][vc_column_inner css=\u00a0\u00bb.vc_custom_1533285714962{padding-right: 0px !important;padding-left: 0px !important;}\u00a0\u00bb offset=\u00a0\u00bbvc_col-lg-6 vc_col-md-8&Prime;][\/vc_column_inner][vc_column_inner width=\u00a0\u00bb1\/2&Prime; offset=\u00a0\u00bbvc_col-lg-6 vc_hidden-sm vc_hidden-xs\u00a0\u00bb][\/vc_column_inner][\/vc_row_inner][\/vc_column][\/vc_row]<\/p>\n","protected":false},"author":1,"featured_media":0,"parent":0,"menu_order":0,"comment_status":"closed","ping_status":"closed","template":"full-width.php","meta":{"inline_featured_image":false},"yoast_head":"<!-- This site is optimized with the Yoast SEO plugin v18.1 - https:\/\/yoast.com\/wordpress\/plugins\/seo\/ -->\n<title>Nos sp\u00e9cialit\u00e9s indiennes - Restaurant La Plume<\/title>\n<meta name=\"robots\" content=\"index, follow, max-snippet:-1, max-image-preview:large, max-video-preview:-1\" \/>\n<link rel=\"canonical\" href=\"https:\/\/restaurant-la-plume.fr\/?page_id=3403\" \/>\n<meta property=\"og:locale\" content=\"fr_FR\" \/>\n<meta property=\"og:type\" content=\"article\" \/>\n<meta property=\"og:title\" content=\"Nos sp\u00e9cialit\u00e9s indiennes - Restaurant La Plume\" \/>\n<meta property=\"og:description\" content=\"[vc_row full_height=\u00a0\u00bbyes\u00a0\u00bb parallax_background_image=\u00a0\u00bb3409&Prime; parallax_bg_speed=\u00a0\u00bb0&Prime;][vc_column][vc_row_inner row_content_width=\u00a0\u00bbgrid\u00a0\u00bb][vc_column_inner css=\u00a0\u00bb.vc_custom_1533285714962{padding-right: 0px !important;padding-left: 0px !important;}\u00a0\u00bb offset=\u00a0\u00bbvc_col-lg-6 vc_col-md-8&Prime;][\/vc_column_inner][vc_column_inner width=\u00a0\u00bb1\/2&Prime; offset=\u00a0\u00bbvc_col-lg-6 vc_hidden-sm vc_hidden-xs\u00a0\u00bb][\/vc_column_inner][\/vc_row_inner][\/vc_column][\/vc_row]\" \/>\n<meta property=\"og:url\" content=\"https:\/\/restaurant-la-plume.fr\/?page_id=3403\" \/>\n<meta property=\"og:site_name\" content=\"Restaurant La Plume\" \/>\n<meta property=\"article:modified_time\" content=\"2025-10-22T14:14:25+00:00\" \/>\n<meta name=\"twitter:card\" content=\"summary_large_image\" \/>\n<meta name=\"twitter:label1\" content=\"Dur\u00e9e de lecture estim\u00e9e\" \/>\n\t<meta name=\"twitter:data1\" content=\"3 minutes\" \/>\n<script type=\"application\/ld+json\" class=\"yoast-schema-graph\">{\"@context\":\"https:\/\/schema.org\",\"@graph\":[{\"@type\":\"WebSite\",\"@id\":\"https:\/\/restaurant-la-plume.fr\/#website\",\"url\":\"https:\/\/restaurant-la-plume.fr\/\",\"name\":\"Restaurant La Plume\",\"description\":\"Sp\u00e9cialit\u00e9s indiennes\",\"potentialAction\":[{\"@type\":\"SearchAction\",\"target\":{\"@type\":\"EntryPoint\",\"urlTemplate\":\"https:\/\/restaurant-la-plume.fr\/?s={search_term_string}\"},\"query-input\":\"required name=search_term_string\"}],\"inLanguage\":\"fr-FR\"},{\"@type\":\"WebPage\",\"@id\":\"https:\/\/restaurant-la-plume.fr\/?page_id=3403#webpage\",\"url\":\"https:\/\/restaurant-la-plume.fr\/?page_id=3403\",\"name\":\"Nos sp\u00e9cialit\u00e9s indiennes - Restaurant La Plume\",\"isPartOf\":{\"@id\":\"https:\/\/restaurant-la-plume.fr\/#website\"},\"datePublished\":\"2022-01-17T17:16:59+00:00\",\"dateModified\":\"2025-10-22T14:14:25+00:00\",\"breadcrumb\":{\"@id\":\"https:\/\/restaurant-la-plume.fr\/?page_id=3403#breadcrumb\"},\"inLanguage\":\"fr-FR\",\"potentialAction\":[{\"@type\":\"ReadAction\",\"target\":[\"https:\/\/restaurant-la-plume.fr\/?page_id=3403\"]}]},{\"@type\":\"BreadcrumbList\",\"@id\":\"https:\/\/restaurant-la-plume.fr\/?page_id=3403#breadcrumb\",\"itemListElement\":[{\"@type\":\"ListItem\",\"position\":1,\"name\":\"Accueil\",\"item\":\"https:\/\/restaurant-la-plume.fr\/\"},{\"@type\":\"ListItem\",\"position\":2,\"name\":\"Nos sp\u00e9cialit\u00e9s indiennes\"}]}]}<\/script>\n<!-- \/ Yoast SEO plugin. -->","yoast_head_json":{"title":"Nos sp\u00e9cialit\u00e9s indiennes - Restaurant La Plume","robots":{"index":"index","follow":"follow","max-snippet":"max-snippet:-1","max-image-preview":"max-image-preview:large","max-video-preview":"max-video-preview:-1"},"canonical":"https:\/\/restaurant-la-plume.fr\/?page_id=3403","og_locale":"fr_FR","og_type":"article","og_title":"Nos sp\u00e9cialit\u00e9s indiennes - Restaurant La Plume","og_description":"[vc_row full_height=\u00a0\u00bbyes\u00a0\u00bb parallax_background_image=\u00a0\u00bb3409&Prime; parallax_bg_speed=\u00a0\u00bb0&Prime;][vc_column][vc_row_inner row_content_width=\u00a0\u00bbgrid\u00a0\u00bb][vc_column_inner css=\u00a0\u00bb.vc_custom_1533285714962{padding-right: 0px !important;padding-left: 0px !important;}\u00a0\u00bb offset=\u00a0\u00bbvc_col-lg-6 vc_col-md-8&Prime;][\/vc_column_inner][vc_column_inner width=\u00a0\u00bb1\/2&Prime; offset=\u00a0\u00bbvc_col-lg-6 vc_hidden-sm vc_hidden-xs\u00a0\u00bb][\/vc_column_inner][\/vc_row_inner][\/vc_column][\/vc_row]","og_url":"https:\/\/restaurant-la-plume.fr\/?page_id=3403","og_site_name":"Restaurant La Plume","article_modified_time":"2025-10-22T14:14:25+00:00","twitter_card":"summary_large_image","twitter_misc":{"Dur\u00e9e de lecture estim\u00e9e":"3 minutes"},"schema":{"@context":"https:\/\/schema.org","@graph":[{"@type":"WebSite","@id":"https:\/\/restaurant-la-plume.fr\/#website","url":"https:\/\/restaurant-la-plume.fr\/","name":"Restaurant La Plume","description":"Sp\u00e9cialit\u00e9s indiennes","potentialAction":[{"@type":"SearchAction","target":{"@type":"EntryPoint","urlTemplate":"https:\/\/restaurant-la-plume.fr\/?s={search_term_string}"},"query-input":"required name=search_term_string"}],"inLanguage":"fr-FR"},{"@type":"WebPage","@id":"https:\/\/restaurant-la-plume.fr\/?page_id=3403#webpage","url":"https:\/\/restaurant-la-plume.fr\/?page_id=3403","name":"Nos sp\u00e9cialit\u00e9s indiennes - Restaurant La Plume","isPartOf":{"@id":"https:\/\/restaurant-la-plume.fr\/#website"},"datePublished":"2022-01-17T17:16:59+00:00","dateModified":"2025-10-22T14:14:25+00:00","breadcrumb":{"@id":"https:\/\/restaurant-la-plume.fr\/?page_id=3403#breadcrumb"},"inLanguage":"fr-FR","potentialAction":[{"@type":"ReadAction","target":["https:\/\/restaurant-la-plume.fr\/?page_id=3403"]}]},{"@type":"BreadcrumbList","@id":"https:\/\/restaurant-la-plume.fr\/?page_id=3403#breadcrumb","itemListElement":[{"@type":"ListItem","position":1,"name":"Accueil","item":"https:\/\/restaurant-la-plume.fr\/"},{"@type":"ListItem","position":2,"name":"Nos sp\u00e9cialit\u00e9s indiennes"}]}]}},"_links":{"self":[{"href":"https:\/\/restaurant-la-plume.fr\/index.php?rest_route=\/wp\/v2\/pages\/3403"}],"collection":[{"href":"https:\/\/restaurant-la-plume.fr\/index.php?rest_route=\/wp\/v2\/pages"}],"about":[{"href":"https:\/\/restaurant-la-plume.fr\/index.php?rest_route=\/wp\/v2\/types\/page"}],"author":[{"embeddable":true,"href":"https:\/\/restaurant-la-plume.fr\/index.php?rest_route=\/wp\/v2\/users\/1"}],"replies":[{"embeddable":true,"href":"https:\/\/restaurant-la-plume.fr\/index.php?rest_route=%2Fwp%2Fv2%2Fcomments&post=3403"}],"version-history":[{"count":127,"href":"https:\/\/restaurant-la-plume.fr\/index.php?rest_route=\/wp\/v2\/pages\/3403\/revisions"}],"predecessor-version":[{"id":7614,"href":"https:\/\/restaurant-la-plume.fr\/index.php?rest_route=\/wp\/v2\/pages\/3403\/revisions\/7614"}],"wp:attachment":[{"href":"https:\/\/restaurant-la-plume.fr\/index.php?rest_route=%2Fwp%2Fv2%2Fmedia&parent=3403"}],"curies":[{"name":"wp","href":"https:\/\/api.w.org\/{rel}","templated":true}]}}